Let c(i) = 2*i - 6. Let z be c(4). Suppose z*x - 147 = -5*w, -y = 5*x - 3. List the prime factors of w.
31
Suppose -21425 - 73321 - 38499 = -81*q. What are the prime factors of q?
5, 7, 47
Let i be -20*(-4 - (-33)/8)*-2. Suppose -i*v - 5*s = -15, 5*v - 7 = -s - 2*s. What are the prime factors of (-9)/(18/(-4)) + (v - -217)?
2, 109
Let j = -58 + 48. Let y = 10 + j. List the prime factors of (0 + y)/1 + 91.
7, 13
Let c(i) = 28*i + 1. Let n(g) = -27*g - 1. Let w(p) = 5*c(p) + 6*n(p). Let r be w(-1). List the prime factors of (-122)/(-6) - 7/r.
2, 5
Let h(u) be the third derivative of u**6/30 + u**5/10 - u**4/24 - 7*u**3/6 + 21*u**2. Let w be h(5). Suppose -w = -8*i - 3*i. What are the prime factors of i?
2, 29
Suppose 3*g - 1008 - 963 = 0. Suppose 0 = -13*d + 5960 + g. List the prime factors of d.
509
Suppose -5*v = -2*i + 19, -3*v + 0*v - 19 = -5*i. Suppose -4*n = l + 114, 4*n + i*l + 2*l + 108 = 0. What are the prime factors of -34*n/6 - (-8)/(-24)?
2, 41
Let z(a) = -99*a + 5 - 7 - 3. What are the prime factors of z(-6)?
19, 31
Suppose 0 = -35*k + 31*k + 120. Suppose 26*m - k*m + 5072 = 0. What are the prime factors of m?
2, 317
Suppose 4*z + 35 = -21. Let c be (-4 - z/8)*-12. Let o = c + -1. What are the prime factors of o?
2, 13
What are the prime factors of (-3 + 2)*1*-36531?
3, 11, 41
Let v be (-4 - -13)*((-370)/(-5))/2. Let r = 329 - 126. Let c = v - r. List the prime factors of c.
2, 5, 13
Suppose 4*y - 9*y - 2*f + 11 = 0, -3*y + f + 11 = 0. Suppose 4*n - 26 = -3*t, 0*n - 2*n = y*t - 28. What are the prime factors of t?
2, 5
Let m(b) = -7*b**3 + 14*b**2 + 3*b + 60. What are the prime factors of m(-6)?
2, 3, 7
Suppose 40*f = 82105 + 508255. What are the prime factors of f?
14759
Let u(d) = -d**3 + 24*d**2 - 14*d - 78. List the prime factors of u(18).
2, 3, 269
Let g be (33 + -37)*1*-1. List the prime factors of (-120952)/(-78) - g/(-3).
2, 97
What are the prime factors of (-140571)/(-17) - 420/(-3570)?
8269
Let j(s) = -6*s**2 - 60*s - 20. Let t be j(-9). Suppose -10638 = 25*v - t*v. What are the prime factors of v?
2, 3, 197
Suppose -2*p + 10 = 0, 2*p + p - 25 = -5*y. Suppose -y*x + g = 293, 5*x - 198 = -3*g - 925. Let n = -102 - x. What are the prime factors of n?
2, 11
Suppose 0 = -5*d + 4*d - 132. Let t be ((-2)/6)/(2/d). Suppose -14 = -3*q + 2*x, -4*x - t = -0*q - 3*q. What are the prime factors of q?
2
Let k(m) be the second derivative of 13*m**3/6 - 8*m**2 - 13*m. Let r be k(4). List the prime factors of (-12)/r - 187/(-3).
2, 31
Let s(h) = -191*h**2 - 12*h - 21. Let g(q) = 96*q**2 + 6*q + 10. Let v(b) = 7*g(b) + 3*s(b). Let n be v(-3). What are the prime factors of n/26 - (-2)/13?
2, 17
Let j = 24045 - 3404. What are the prime factors of j?
20641
List the prime factors of (-8)/7 - 100865304/(-2212).
2, 7, 3257
Let b(k) = k**2 - 14*k + 16. Let r be b(13). Suppose r = 2*w - w. Suppose -x + 232 = 2*v, -w*x + x = -v + 116. List the prime factors of v.
2, 29
Let f be 40/(-100) + (66/(-5))/(-3). Suppose -56 = -f*h + 2*h - 2*j, -4*j = -4*h + 96. Suppose -2*u - h = -132. What are the prime factors of u?
53
Let p(j) = -323*j - 1561. List the prime factors of p(-34).
9421
Let b be (-10)/4*44/55. List the prime factors of 25750/45 - (-2)/18*b.
2, 11, 13
Suppose 1500099 = 19*k - 6*u + u, 5*u + 157932 = 2*k. List the prime factors of k.
3, 26317
Suppose 76*k = 497813 + 100991. List the prime factors of k.
7879
Let p(f) = 4*f + 18. Let k be ((-8)/30)/(12/54)*5. Let v be ((-21)/(-6))/((9/k)/(-3)). What are the prime factors of p(v)?
2, 23
Suppose 2*n + 0*d = -3*d - 78, -d + 49 = -n. Let h be (-2)/(134/n - -3 - 0). Let m = -17 - h. List the prime factors of m.
73
Suppose -12*c + 10*c - 10 = -2*s, -3*s = -5*c - 15. List the prime factors of (s + 11)/((-5)/(-330)).
2, 3, 11
List the prime factors of (-15 - -22874) + -6 + -1.
2, 29, 197
Let r be (-250)/(-100)*(0 - (-2032)/5). List the prime factors of r/(2 - 6)*-1.
2, 127
Suppose 0 = 2*w - 3*y + 1, -14 = -5*w + 3*y - y. Suppose 3*f + 6*z - 932 = 7*z, 3*f + w*z = 907. List the prime factors of f.
3, 103
Suppose 10*d = -15*d - 18350. Let a = d + 2338. List the prime factors of a.
2, 401
Let f(z) = -2*z + 4. Let y be f(5). Suppose -428*q = -480*q - 832. What are the prime factors of (-255 - -3)*-2*y/q?
3, 7
Let j(z) = 3504*z**2 + 25*z - 25. What are the prime factors of j(1)?
2, 3, 73
Let m = -898 + 888. List the prime factors of (-2)/m + 6704/5.
3, 149
Suppose s - 1 = 1. Suppose -3*q + 5*w = 0, 2*q + 2*w - 12 = 4. Suppose -4*d + 376 = s*i, d - 5*d = -q*i - 348. List the prime factors of d.
2, 23
Suppose 3*u + 2079 = -0*u. Let l = u + 1632. What are the prime factors of l?
3, 313
Let l be (-15 - (-4 + 3))/2. What are the prime factors of -16*(l - 194)/3?
2, 67
Let f(t) = 3*t - 11. Let g be f(15). Suppose 0 = g*u - 26*u - 1832. What are the prime factors of u?
229
Let k be (583 - 0)/(-3 + (5 - 3)). List the prime factors of (-54)/9 + (-1 - k).
2, 3
Let n = 46 + -22. Suppose 0 = -4*v + n. What are the prime factors of ((-116)/v)/(2/(-3))?
29
Let w = 19711 - 8540. List the prime factors of w.
11171
Let t(v) = 1173*v**2 + 16*v + 16. Let r(m) = -293*m**2 - 4*m - 4. Let c(p) = -9*r(p) - 2*t(p). List the prime factors of c(-2).
2, 5, 29
Let r = -129 - -133. Let a(h) = -h**3 + 6*h**2 - 6*h - 1. Let s be a(r). Suppose -704 = -23*o + s*o. List the prime factors of o.
2, 11
Let k(c) = 104*c**2 + 141*c - 1236. List the prime factors of k(9).
3, 2819
Suppose 111843 + 358193 = 28*d. What are the prime factors of d?
16787
Let b(t) = -26 + 2*t - 22 + 58. Let k be b(-7). What are the prime factors of k/(-10) + (1312/(-5))/(-4)?
2, 3, 11
Let w be -3 - (1137 + 5 - 4). Let i = w - -1637. What are the prime factors of i?
2, 31
Suppose -7*r = 5*a - 8*r - 98906, -79116 = -4*a + 3*r. List the prime factors of a.
2, 3, 7, 157
Suppose 0 = 4*p - 129 - 195. Let r be -2 - (1/(-9) - (-37)/9). What are the prime factors of p + (-3 - r) + 1?
5, 17
Suppose 184 = 2*i + 4*a, -i + 243 = 2*i - 5*a. Suppose -5*o = 5*z + 1795, -z - i - 277 = 3*o. List the prime factors of (20/30)/(2 + 712/z).
7, 17
Suppose -7547 = -9*p + 28201. Suppose 9*c = p - 1092. List the prime factors of c.
2, 5
Suppose -25*n - 4076 = -29*n. Suppose -n - 781 = -24*t. List the prime factors of t.
3, 5
Let w be 582/(-48) - 12/(-96). List the prime factors of ((-2)/w)/(9051/(-9054) - -1).
503
List the prime factors of 200/7*((-4815)/(-18) - -9).
2, 5, 79
Let j(w) = -5*w - 4 - 27*w - 13*w - 113. What are the prime factors of j(-19)?
2, 3, 41
Let w be 6 - 6/(5/(30/9)). Suppose -2*y = w*y + m - 337, 5*y = -3*m + 423. Suppose -y = -2*o - 4*o. List the prime factors of o.
2, 7
Suppose 205*f - z = 207*f - 61803, z = 5. What are the prime factors of f?
11, 53
Suppose 5*c = -5*u + 80, -18 - 14 = -2*u + 2*c. What are the prime factors of ((-504)/u)/7*(1 + -51)?
3, 5
Let m be (-1 - (-18)/8)*(5 + 3). Suppose m*o - 172 = 98. Let c = 18 + o. What are the prime factors of c?
3, 5
Let d(m) = -91*m - 2. Let a be 32/18 - (-44)/198. Suppose 3*o + 16 = -a*h, -4*o - 13 = 5*h + 13. List the prime factors of d(h).
2, 3, 5
Suppose 2*r = 5*q + 196, -2*q - 38 = -2*r + 152. Let y = 95 - r. Suppose 0 = y*v - 2*k - 194 + 6, -v + 3*k + 92 = 0. List the prime factors of v.
5, 19
Let k = 10717 - 10681. What are the prime factors of k?
2, 3
Suppose 2*m - 4*i - 14284 = 0, -18*m + 22*m = -2*i + 28618. List the prime factors of m.
2, 3, 149
Let a be 243/(-6)*22/(-33). Suppose -12048 = -a*n + 15*n. List the prime factors of n.
2, 251
Suppose -917864 = -90*g + 377307 + 193789. What are the prime factors of g?
2, 11, 47
Suppose 117 + 132 = 3*h. Let f = h + -80. Suppose -4*q + f = -49. List the prime factors of q.
13
Suppose 0 = 27*b + 124603 - 1626181. What are the prime factors of b?
2, 3, 13, 23, 31
Suppose -21 + 153 = 11*d. Let p(s) = 27*s - 198. What are the prime factors of p(d)?
2, 3, 7
Suppose -412*t + 457*t = 1206810. List the prime factors of t.
2, 11, 23, 53
Suppose -5*a = -3*b + 65536, -17*b + 2*a + 65548 = -14*b. List the prime factors of b.
2, 3, 607
Let r(n) = 413*n - 6. Let d be r(2). Let f = d + -460. Suppose 5*m - f = 245. List the prime factors of m.
11
Suppose 7*x + 4 = 3*x. List the prime factors of (-13)/(-52) + x/4 + 391.
17, 23
Suppose -2*a + 0*w + 3*w = -35, -a + 2*w = -20. Suppose